{"id":6527,"date":"2024-02-02T11:28:58","date_gmt":"2024-02-02T10:28:58","guid":{"rendered":"https:\/\/mapadecuidados.es\/recurso\/llistat-dajuts-i-subvencions-del-ministeri-dinclusio-seguretat-social-i-migracions\/"},"modified":"2024-03-27T17:32:38","modified_gmt":"2024-03-27T16:32:38","slug":"llistat-dajuts-i-subvencions-del-ministeri-dinclusio-seguretat-social-i-migracions","status":"publish","type":"recurso","link":"https:\/\/mapadecuidados.es\/va\/recurso\/llistat-dajuts-i-subvencions-del-ministeri-dinclusio-seguretat-social-i-migracions\/","title":{"rendered":"Llistat d&#8217;ajuts i subvencions del Ministeri d&#8217;Inclusi\u00f3, Seguretat Social i Migracions"},"content":{"rendered":"<p>Ajuts i subvencions per a la ciutadania espanyola a l&#8217;exterior, protecci\u00f3 internacional, immigrants, atenci\u00f3 humanit\u00e0ria, inclusi\u00f3 social i sol\u00b7licitud de l&#8217;ingr\u00e9s m\u00ednim vital.<\/p>\n","protected":false},"excerpt":{"rendered":"<p>Ajuts i subvencions per a la ciutadania espanyola a l&#8217;exterior, protecci\u00f3 internacional, immigrants, atenci\u00f3 humanit\u00e0ria, inclusi\u00f3 social i sol\u00b7licitud de l&#8217;ingr\u00e9s m\u00ednim vital.<\/p>\n","protected":false},"featured_media":0,"template":"","categoria":[],"comunidad":[],"etiqueta":[448,460,534,536,538,1935,1936,1937],"grupo":[1996],"tipologia":[461],"ambito":[532],"class_list":["post-6527","recurso","type-recurso","status-publish","hentry","etiqueta-infancia-va","etiqueta-majors-va","etiqueta-joventut-va","etiqueta-adolescencia-va","etiqueta-adults-va","etiqueta-ajuts-va","etiqueta-subvencions-va","etiqueta-beques-i-premis-va","grupo-llistat-va","tipologia-llistat-va","ambito-estatal-va"],"acf":[],"_links":{"self":[{"href":"https:\/\/mapadecuidados.es\/va\/wp-json\/wp\/v2\/recurso\/6527","targetHints":{"allow":["GET"]}}],"collection":[{"href":"https:\/\/mapadecuidados.es\/va\/wp-json\/wp\/v2\/recurso"}],"about":[{"href":"https:\/\/mapadecuidados.es\/va\/wp-json\/wp\/v2\/types\/recurso"}],"version-history":[{"count":0,"href":"https:\/\/mapadecuidados.es\/va\/wp-json\/wp\/v2\/recurso\/6527\/revisions"}],"wp:attachment":[{"href":"https:\/\/mapadecuidados.es\/va\/wp-json\/wp\/v2\/media?parent=6527"}],"wp:term":[{"taxonomy":"categoria","embeddable":true,"href":"https:\/\/mapadecuidados.es\/va\/wp-json\/wp\/v2\/categoria?post=6527"},{"taxonomy":"comunidad","embeddable":true,"href":"https:\/\/mapadecuidados.es\/va\/wp-json\/wp\/v2\/comunidad?post=6527"},{"taxonomy":"etiqueta","embeddable":true,"href":"https:\/\/mapadecuidados.es\/va\/wp-json\/wp\/v2\/etiqueta?post=6527"},{"taxonomy":"grupo","embeddable":true,"href":"https:\/\/mapadecuidados.es\/va\/wp-json\/wp\/v2\/grupo?post=6527"},{"taxonomy":"tipologia","embeddable":true,"href":"https:\/\/mapadecuidados.es\/va\/wp-json\/wp\/v2\/tipologia?post=6527"},{"taxonomy":"ambito","embeddable":true,"href":"https:\/\/mapadecuidados.es\/va\/wp-json\/wp\/v2\/ambito?post=6527"}],"curies":[{"name":"wp","href":"https:\/\/api.w.org\/{rel}","templated":true}]}}

Llistat d&#8217;ajuts i subvencions del Ministeri d&#8217;Inclusió, Seguretat Social i Migracions

<p>Ajuts i subvencions per a la ciutadania espanyola a l&#8217;exterior, protecció internacional, immigrants, atenció humanitària, inclusió social i sol·licitud de l&#8217;ingrés mínim vital.</p>
