{"id":4309,"date":"2024-01-24T12:35:25","date_gmt":"2024-01-24T11:35:25","guid":{"rendered":"https:\/\/mapadecuidados.es\/recurso\/sol%c2%b7licitud-i-o-reconeixement-dassistencia-juridica-gratuita-a-catalunya\/"},"modified":"2024-03-22T09:14:20","modified_gmt":"2024-03-22T08:14:20","slug":"sol%c2%b7licitud-i-o-reconeixement-dassistencia-juridica-gratuita-a-catalunya","status":"publish","type":"recurso","link":"https:\/\/mapadecuidados.es\/va\/recurso\/sol%c2%b7licitud-i-o-reconeixement-dassistencia-juridica-gratuita-a-catalunya\/","title":{"rendered":"Sol\u00b7licitud i\/o reconeixement d&#8217;assist\u00e8ncia jur\u00eddica gratu\u00efta a Catalunya"},"content":{"rendered":"","protected":false},"excerpt":{"rendered":"","protected":false},"featured_media":0,"template":"","categoria":[],"comunidad":[1196],"etiqueta":[538,1935],"grupo":[2021],"tipologia":[491],"ambito":[444],"class_list":["post-4309","recurso","type-recurso","status-publish","hentry","comunidad-catalunya","etiqueta-adults-va","etiqueta-ajuts-va","grupo-tramit-va","tipologia-tramit-va","ambito-autonomic-va"],"acf":[],"_links":{"self":[{"href":"https:\/\/mapadecuidados.es\/va\/wp-json\/wp\/v2\/recurso\/4309","targetHints":{"allow":["GET"]}}],"collection":[{"href":"https:\/\/mapadecuidados.es\/va\/wp-json\/wp\/v2\/recurso"}],"about":[{"href":"https:\/\/mapadecuidados.es\/va\/wp-json\/wp\/v2\/types\/recurso"}],"version-history":[{"count":0,"href":"https:\/\/mapadecuidados.es\/va\/wp-json\/wp\/v2\/recurso\/4309\/revisions"}],"wp:attachment":[{"href":"https:\/\/mapadecuidados.es\/va\/wp-json\/wp\/v2\/media?parent=4309"}],"wp:term":[{"taxonomy":"categoria","embeddable":true,"href":"https:\/\/mapadecuidados.es\/va\/wp-json\/wp\/v2\/categoria?post=4309"},{"taxonomy":"comunidad","embeddable":true,"href":"https:\/\/mapadecuidados.es\/va\/wp-json\/wp\/v2\/comunidad?post=4309"},{"taxonomy":"etiqueta","embeddable":true,"href":"https:\/\/mapadecuidados.es\/va\/wp-json\/wp\/v2\/etiqueta?post=4309"},{"taxonomy":"grupo","embeddable":true,"href":"https:\/\/mapadecuidados.es\/va\/wp-json\/wp\/v2\/grupo?post=4309"},{"taxonomy":"tipologia","embeddable":true,"href":"https:\/\/mapadecuidados.es\/va\/wp-json\/wp\/v2\/tipologia?post=4309"},{"taxonomy":"ambito","embeddable":true,"href":"https:\/\/mapadecuidados.es\/va\/wp-json\/wp\/v2\/ambito?post=4309"}],"curies":[{"name":"wp","href":"https:\/\/api.w.org\/{rel}","templated":true}]}}

Sol·licitud i/o reconeixement d&#8217;assistència jurídica gratuïta a Catalunya
