{"id":4969,"date":"2024-01-25T12:31:08","date_gmt":"2024-01-25T11:31:08","guid":{"rendered":"https:\/\/mapadecuidados.es\/recurso\/discapacidade-intelectual-e-saude-mental-guia-practica\/"},"modified":"2024-02-29T12:36:05","modified_gmt":"2024-02-29T11:36:05","slug":"discapacidade-intelectual-e-saude-mental-guia-practica","status":"publish","type":"recurso","link":"https:\/\/mapadecuidados.es\/gl\/recurso\/discapacidade-intelectual-e-saude-mental-guia-practica\/","title":{"rendered":"Discapacidade intelectual e sa\u00fade mental. Gu\u00eda pr\u00e1ctica"},"content":{"rendered":"","protected":false},"excerpt":{"rendered":"","protected":false},"featured_media":0,"template":"","categoria":[],"comunidad":[820],"etiqueta":[637,485,486],"grupo":[2005],"tipologia":[638],"ambito":[438],"class_list":["post-4969","recurso","type-recurso","status-publish","hentry","comunidad-comunidad-de-madrid-gl","etiqueta-coidadores","etiqueta-discapacidade","etiqueta-saude-mental","grupo-informacion-gl","tipologia-informacion-gl","ambito-autonomo"],"acf":[],"_links":{"self":[{"href":"https:\/\/mapadecuidados.es\/gl\/wp-json\/wp\/v2\/recurso\/4969","targetHints":{"allow":["GET"]}}],"collection":[{"href":"https:\/\/mapadecuidados.es\/gl\/wp-json\/wp\/v2\/recurso"}],"about":[{"href":"https:\/\/mapadecuidados.es\/gl\/wp-json\/wp\/v2\/types\/recurso"}],"version-history":[{"count":0,"href":"https:\/\/mapadecuidados.es\/gl\/wp-json\/wp\/v2\/recurso\/4969\/revisions"}],"wp:attachment":[{"href":"https:\/\/mapadecuidados.es\/gl\/wp-json\/wp\/v2\/media?parent=4969"}],"wp:term":[{"taxonomy":"categoria","embeddable":true,"href":"https:\/\/mapadecuidados.es\/gl\/wp-json\/wp\/v2\/categoria?post=4969"},{"taxonomy":"comunidad","embeddable":true,"href":"https:\/\/mapadecuidados.es\/gl\/wp-json\/wp\/v2\/comunidad?post=4969"},{"taxonomy":"etiqueta","embeddable":true,"href":"https:\/\/mapadecuidados.es\/gl\/wp-json\/wp\/v2\/etiqueta?post=4969"},{"taxonomy":"grupo","embeddable":true,"href":"https:\/\/mapadecuidados.es\/gl\/wp-json\/wp\/v2\/grupo?post=4969"},{"taxonomy":"tipologia","embeddable":true,"href":"https:\/\/mapadecuidados.es\/gl\/wp-json\/wp\/v2\/tipologia?post=4969"},{"taxonomy":"ambito","embeddable":true,"href":"https:\/\/mapadecuidados.es\/gl\/wp-json\/wp\/v2\/ambito?post=4969"}],"curies":[{"name":"wp","href":"https:\/\/api.w.org\/{rel}","templated":true}]}}

Discapacidade intelectual e saúde mental. Guía práctica
