{"id":4479,"date":"2024-01-24T16:27:03","date_gmt":"2024-01-24T15:27:03","guid":{"rendered":"https:\/\/mapadecuidados.es\/recurso\/moteur-de-recherche-pour-laide-a-lintegration-et-les-centres-de-jour-pour-personnes-handicapees\/"},"modified":"2024-03-01T09:44:52","modified_gmt":"2024-03-01T08:44:52","slug":"moteur-de-recherche-pour-laide-a-lintegration-et-les-centres-de-jour-pour-personnes-handicapees","status":"publish","type":"recurso","link":"https:\/\/mapadecuidados.es\/fr\/recurso\/moteur-de-recherche-pour-laide-a-lintegration-et-les-centres-de-jour-pour-personnes-handicapees\/","title":{"rendered":"Moteur de recherche pour l&rsquo;aide \u00e0 l&rsquo;int\u00e9gration et les centres de jour pour les personnes handicap\u00e9es"},"content":{"rendered":"","protected":false},"excerpt":{"rendered":"","protected":false},"featured_media":0,"template":"","categoria":[],"comunidad":[796],"etiqueta":[481],"grupo":[1998],"tipologia":[507],"ambito":[432],"class_list":["post-4479","recurso","type-recurso","status-publish","hentry","comunidad-asturias-fr","etiqueta-handicap","grupo-moteur-de-recherche","tipologia-moteur-de-recherche","ambito-autonome"],"acf":[],"_links":{"self":[{"href":"https:\/\/mapadecuidados.es\/fr\/wp-json\/wp\/v2\/recurso\/4479","targetHints":{"allow":["GET"]}}],"collection":[{"href":"https:\/\/mapadecuidados.es\/fr\/wp-json\/wp\/v2\/recurso"}],"about":[{"href":"https:\/\/mapadecuidados.es\/fr\/wp-json\/wp\/v2\/types\/recurso"}],"version-history":[{"count":0,"href":"https:\/\/mapadecuidados.es\/fr\/wp-json\/wp\/v2\/recurso\/4479\/revisions"}],"wp:attachment":[{"href":"https:\/\/mapadecuidados.es\/fr\/wp-json\/wp\/v2\/media?parent=4479"}],"wp:term":[{"taxonomy":"categoria","embeddable":true,"href":"https:\/\/mapadecuidados.es\/fr\/wp-json\/wp\/v2\/categoria?post=4479"},{"taxonomy":"comunidad","embeddable":true,"href":"https:\/\/mapadecuidados.es\/fr\/wp-json\/wp\/v2\/comunidad?post=4479"},{"taxonomy":"etiqueta","embeddable":true,"href":"https:\/\/mapadecuidados.es\/fr\/wp-json\/wp\/v2\/etiqueta?post=4479"},{"taxonomy":"grupo","embeddable":true,"href":"https:\/\/mapadecuidados.es\/fr\/wp-json\/wp\/v2\/grupo?post=4479"},{"taxonomy":"tipologia","embeddable":true,"href":"https:\/\/mapadecuidados.es\/fr\/wp-json\/wp\/v2\/tipologia?post=4479"},{"taxonomy":"ambito","embeddable":true,"href":"https:\/\/mapadecuidados.es\/fr\/wp-json\/wp\/v2\/ambito?post=4479"}],"curies":[{"name":"wp","href":"https:\/\/api.w.org\/{rel}","templated":true}]}}

Moteur de recherche pour l&rsquo;aide à l&rsquo;intégration et les centres de jour pour les personnes handicapées
