{"id":3790,"date":"2024-01-23T17:42:56","date_gmt":"2024-01-23T16:42:56","guid":{"rendered":"https:\/\/mapadecuidados.es\/recurso\/demande-daide-a-lamelioration-de-laccessibilite-des-logements-aux-iles-canaries\/"},"modified":"2024-03-21T13:38:48","modified_gmt":"2024-03-21T12:38:48","slug":"demande-daide-a-lamelioration-de-laccessibilite-des-logements-aux-iles-canaries","status":"publish","type":"recurso","link":"https:\/\/mapadecuidados.es\/fr\/recurso\/demande-daide-a-lamelioration-de-laccessibilite-des-logements-aux-iles-canaries\/","title":{"rendered":"Demande d&rsquo;aide \u00e0 l&rsquo;am\u00e9lioration de l&rsquo;accessibilit\u00e9 des logements aux \u00eeles Canaries"},"content":{"rendered":"","protected":false},"excerpt":{"rendered":"","protected":false},"featured_media":0,"template":"","categoria":[],"comunidad":[838],"etiqueta":[481,1929,1930,1931],"grupo":[2019],"tipologia":[483],"ambito":[432],"class_list":["post-3790","recurso","type-recurso","status-publish","hentry","comunidad-islas-canarias-fr","etiqueta-handicap","etiqueta-aides","etiqueta-subventions","etiqueta-subventions-et-bourses","grupo-formalites","tipologia-formalites","ambito-autonome"],"acf":[],"_links":{"self":[{"href":"https:\/\/mapadecuidados.es\/fr\/wp-json\/wp\/v2\/recurso\/3790","targetHints":{"allow":["GET"]}}],"collection":[{"href":"https:\/\/mapadecuidados.es\/fr\/wp-json\/wp\/v2\/recurso"}],"about":[{"href":"https:\/\/mapadecuidados.es\/fr\/wp-json\/wp\/v2\/types\/recurso"}],"version-history":[{"count":0,"href":"https:\/\/mapadecuidados.es\/fr\/wp-json\/wp\/v2\/recurso\/3790\/revisions"}],"wp:attachment":[{"href":"https:\/\/mapadecuidados.es\/fr\/wp-json\/wp\/v2\/media?parent=3790"}],"wp:term":[{"taxonomy":"categoria","embeddable":true,"href":"https:\/\/mapadecuidados.es\/fr\/wp-json\/wp\/v2\/categoria?post=3790"},{"taxonomy":"comunidad","embeddable":true,"href":"https:\/\/mapadecuidados.es\/fr\/wp-json\/wp\/v2\/comunidad?post=3790"},{"taxonomy":"etiqueta","embeddable":true,"href":"https:\/\/mapadecuidados.es\/fr\/wp-json\/wp\/v2\/etiqueta?post=3790"},{"taxonomy":"grupo","embeddable":true,"href":"https:\/\/mapadecuidados.es\/fr\/wp-json\/wp\/v2\/grupo?post=3790"},{"taxonomy":"tipologia","embeddable":true,"href":"https:\/\/mapadecuidados.es\/fr\/wp-json\/wp\/v2\/tipologia?post=3790"},{"taxonomy":"ambito","embeddable":true,"href":"https:\/\/mapadecuidados.es\/fr\/wp-json\/wp\/v2\/ambito?post=3790"}],"curies":[{"name":"wp","href":"https:\/\/api.w.org\/{rel}","templated":true}]}}

Demande d&rsquo;aide à l&rsquo;amélioration de l&rsquo;accessibilité des logements aux îles Canaries
