{"id":3439,"date":"2024-01-23T17:36:09","date_gmt":"2024-01-23T16:36:09","guid":{"rendered":"https:\/\/mapadecuidados.es\/recurso\/demande-de-prestation-orthopedique-prothetique-a-la-rioja\/"},"modified":"2024-04-01T13:02:41","modified_gmt":"2024-04-01T11:02:41","slug":"demande-de-prestation-orthopedique-prothetique-a-la-rioja","status":"publish","type":"recurso","link":"https:\/\/mapadecuidados.es\/fr\/recurso\/demande-de-prestation-orthopedique-prothetique-a-la-rioja\/","title":{"rendered":"Demande de prestation orthop\u00e9dique proth\u00e9tique \u00e0 La Rioja"},"content":{"rendered":"","protected":false},"excerpt":{"rendered":"","protected":false},"featured_media":0,"template":"","categoria":[],"comunidad":[845],"etiqueta":[436,470,502,504,506,1929],"grupo":[2019],"tipologia":[483],"ambito":[432],"class_list":["post-3439","recurso","type-recurso","status-publish","hentry","comunidad-la-rioja-fr","etiqueta-lenfance","etiqueta-principale","etiqueta-la-jeunesse","etiqueta-adolescence","etiqueta-adultes","etiqueta-aides","grupo-formalites","tipologia-formalites","ambito-autonome"],"acf":[],"_links":{"self":[{"href":"https:\/\/mapadecuidados.es\/fr\/wp-json\/wp\/v2\/recurso\/3439","targetHints":{"allow":["GET"]}}],"collection":[{"href":"https:\/\/mapadecuidados.es\/fr\/wp-json\/wp\/v2\/recurso"}],"about":[{"href":"https:\/\/mapadecuidados.es\/fr\/wp-json\/wp\/v2\/types\/recurso"}],"version-history":[{"count":0,"href":"https:\/\/mapadecuidados.es\/fr\/wp-json\/wp\/v2\/recurso\/3439\/revisions"}],"wp:attachment":[{"href":"https:\/\/mapadecuidados.es\/fr\/wp-json\/wp\/v2\/media?parent=3439"}],"wp:term":[{"taxonomy":"categoria","embeddable":true,"href":"https:\/\/mapadecuidados.es\/fr\/wp-json\/wp\/v2\/categoria?post=3439"},{"taxonomy":"comunidad","embeddable":true,"href":"https:\/\/mapadecuidados.es\/fr\/wp-json\/wp\/v2\/comunidad?post=3439"},{"taxonomy":"etiqueta","embeddable":true,"href":"https:\/\/mapadecuidados.es\/fr\/wp-json\/wp\/v2\/etiqueta?post=3439"},{"taxonomy":"grupo","embeddable":true,"href":"https:\/\/mapadecuidados.es\/fr\/wp-json\/wp\/v2\/grupo?post=3439"},{"taxonomy":"tipologia","embeddable":true,"href":"https:\/\/mapadecuidados.es\/fr\/wp-json\/wp\/v2\/tipologia?post=3439"},{"taxonomy":"ambito","embeddable":true,"href":"https:\/\/mapadecuidados.es\/fr\/wp-json\/wp\/v2\/ambito?post=3439"}],"curies":[{"name":"wp","href":"https:\/\/api.w.org\/{rel}","templated":true}]}}

Demande de prestation orthopédique prothétique à La Rioja
