{"id":3422,"date":"2024-01-23T17:32:44","date_gmt":"2024-01-23T16:32:44","guid":{"rendered":"https:\/\/mapadecuidados.es\/recurso\/demande-de-prestations-orthopediques-prothetiques-dans-la-communaute-de-valence\/"},"modified":"2024-04-01T13:00:55","modified_gmt":"2024-04-01T11:00:55","slug":"demande-de-prestations-orthopediques-prothetiques-dans-la-communaute-de-valence","status":"publish","type":"recurso","link":"https:\/\/mapadecuidados.es\/fr\/recurso\/demande-de-prestations-orthopediques-prothetiques-dans-la-communaute-de-valence\/","title":{"rendered":"Demande de prestations orthop\u00e9diques proth\u00e9tiques dans la Communaut\u00e9 de Valence"},"content":{"rendered":"","protected":false},"excerpt":{"rendered":"","protected":false},"featured_media":0,"template":"","categoria":[],"comunidad":[1189],"etiqueta":[436,470,502,504,506,1929],"grupo":[2019],"tipologia":[483],"ambito":[432],"class_list":["post-3422","recurso","type-recurso","status-publish","hentry","comunidad-communaute-valencienne","etiqueta-lenfance","etiqueta-principale","etiqueta-la-jeunesse","etiqueta-adolescence","etiqueta-adultes","etiqueta-aides","grupo-formalites","tipologia-formalites","ambito-autonome"],"acf":[],"_links":{"self":[{"href":"https:\/\/mapadecuidados.es\/fr\/wp-json\/wp\/v2\/recurso\/3422","targetHints":{"allow":["GET"]}}],"collection":[{"href":"https:\/\/mapadecuidados.es\/fr\/wp-json\/wp\/v2\/recurso"}],"about":[{"href":"https:\/\/mapadecuidados.es\/fr\/wp-json\/wp\/v2\/types\/recurso"}],"version-history":[{"count":0,"href":"https:\/\/mapadecuidados.es\/fr\/wp-json\/wp\/v2\/recurso\/3422\/revisions"}],"wp:attachment":[{"href":"https:\/\/mapadecuidados.es\/fr\/wp-json\/wp\/v2\/media?parent=3422"}],"wp:term":[{"taxonomy":"categoria","embeddable":true,"href":"https:\/\/mapadecuidados.es\/fr\/wp-json\/wp\/v2\/categoria?post=3422"},{"taxonomy":"comunidad","embeddable":true,"href":"https:\/\/mapadecuidados.es\/fr\/wp-json\/wp\/v2\/comunidad?post=3422"},{"taxonomy":"etiqueta","embeddable":true,"href":"https:\/\/mapadecuidados.es\/fr\/wp-json\/wp\/v2\/etiqueta?post=3422"},{"taxonomy":"grupo","embeddable":true,"href":"https:\/\/mapadecuidados.es\/fr\/wp-json\/wp\/v2\/grupo?post=3422"},{"taxonomy":"tipologia","embeddable":true,"href":"https:\/\/mapadecuidados.es\/fr\/wp-json\/wp\/v2\/tipologia?post=3422"},{"taxonomy":"ambito","embeddable":true,"href":"https:\/\/mapadecuidados.es\/fr\/wp-json\/wp\/v2\/ambito?post=3422"}],"curies":[{"name":"wp","href":"https:\/\/api.w.org\/{rel}","templated":true}]}}

Demande de prestations orthopédiques prothétiques dans la Communauté de Valence
