{"id":4308,"date":"2024-01-24T12:35:25","date_gmt":"2024-01-24T11:35:25","guid":{"rendered":"https:\/\/mapadecuidados.es\/recurso\/sollicitud-i-o-reconeixement-dassistencia-juridica-gratuita-a-catalunya\/"},"modified":"2024-03-22T09:13:21","modified_gmt":"2024-03-22T08:13:21","slug":"sollicitud-i-o-reconeixement-dassistencia-juridica-gratuita-a-catalunya","status":"publish","type":"recurso","link":"https:\/\/mapadecuidados.es\/ca\/recurso\/sollicitud-i-o-reconeixement-dassistencia-juridica-gratuita-a-catalunya\/","title":{"rendered":"Sol\u00b7licitud i\/o reconeixement d&#8217;assist\u00e8ncia jur\u00eddica gratu\u00efta a Catalunya"},"content":{"rendered":"","protected":false},"excerpt":{"rendered":"","protected":false},"featured_media":0,"template":"","categoria":[],"comunidad":[1197],"etiqueta":[514,1923],"grupo":[2017],"tipologia":[468],"ambito":[414],"class_list":["post-4308","recurso","type-recurso","status-publish","hentry","comunidad-catalunya-ca","etiqueta-adults","etiqueta-ajuts","grupo-tramit","tipologia-tramit","ambito-autonomic"],"acf":[],"_links":{"self":[{"href":"https:\/\/mapadecuidados.es\/ca\/wp-json\/wp\/v2\/recurso\/4308","targetHints":{"allow":["GET"]}}],"collection":[{"href":"https:\/\/mapadecuidados.es\/ca\/wp-json\/wp\/v2\/recurso"}],"about":[{"href":"https:\/\/mapadecuidados.es\/ca\/wp-json\/wp\/v2\/types\/recurso"}],"version-history":[{"count":0,"href":"https:\/\/mapadecuidados.es\/ca\/wp-json\/wp\/v2\/recurso\/4308\/revisions"}],"wp:attachment":[{"href":"https:\/\/mapadecuidados.es\/ca\/wp-json\/wp\/v2\/media?parent=4308"}],"wp:term":[{"taxonomy":"categoria","embeddable":true,"href":"https:\/\/mapadecuidados.es\/ca\/wp-json\/wp\/v2\/categoria?post=4308"},{"taxonomy":"comunidad","embeddable":true,"href":"https:\/\/mapadecuidados.es\/ca\/wp-json\/wp\/v2\/comunidad?post=4308"},{"taxonomy":"etiqueta","embeddable":true,"href":"https:\/\/mapadecuidados.es\/ca\/wp-json\/wp\/v2\/etiqueta?post=4308"},{"taxonomy":"grupo","embeddable":true,"href":"https:\/\/mapadecuidados.es\/ca\/wp-json\/wp\/v2\/grupo?post=4308"},{"taxonomy":"tipologia","embeddable":true,"href":"https:\/\/mapadecuidados.es\/ca\/wp-json\/wp\/v2\/tipologia?post=4308"},{"taxonomy":"ambito","embeddable":true,"href":"https:\/\/mapadecuidados.es\/ca\/wp-json\/wp\/v2\/ambito?post=4308"}],"curies":[{"name":"wp","href":"https:\/\/api.w.org\/{rel}","templated":true}]}}

Sol·licitud i/o reconeixement d&#8217;assistència jurídica gratuïta a Catalunya
