{"id":3871,"date":"2024-01-24T10:05:34","date_gmt":"2024-01-24T09:05:34","guid":{"rendered":"https:\/\/mapadecuidados.es\/recurso\/sollicitud-de-placa-en-allotjament-o-residencia-per-a-persones-amb-malaltia-mental-a-cantabria\/"},"modified":"2024-04-01T12:11:40","modified_gmt":"2024-04-01T10:11:40","slug":"sollicitud-de-placa-en-allotjament-o-residencia-per-a-persones-amb-malaltia-mental-a-cantabria","status":"publish","type":"recurso","link":"https:\/\/mapadecuidados.es\/ca\/recurso\/sollicitud-de-placa-en-allotjament-o-residencia-per-a-persones-amb-malaltia-mental-a-cantabria\/","title":{"rendered":"Sol\u00b7licitud de pla\u00e7a en allotjament o resid\u00e8ncia per a persones amb malaltia mental a Cant\u00e0bria"},"content":{"rendered":"","protected":false},"excerpt":{"rendered":"","protected":false},"featured_media":0,"template":"","categoria":[],"comunidad":[798],"etiqueta":[467,514],"grupo":[2017],"tipologia":[468],"ambito":[414],"class_list":["post-3871","recurso","type-recurso","status-publish","hentry","comunidad-cantabria-ca","etiqueta-salut-mental","etiqueta-adults","grupo-tramit","tipologia-tramit","ambito-autonomic"],"acf":[],"_links":{"self":[{"href":"https:\/\/mapadecuidados.es\/ca\/wp-json\/wp\/v2\/recurso\/3871","targetHints":{"allow":["GET"]}}],"collection":[{"href":"https:\/\/mapadecuidados.es\/ca\/wp-json\/wp\/v2\/recurso"}],"about":[{"href":"https:\/\/mapadecuidados.es\/ca\/wp-json\/wp\/v2\/types\/recurso"}],"version-history":[{"count":0,"href":"https:\/\/mapadecuidados.es\/ca\/wp-json\/wp\/v2\/recurso\/3871\/revisions"}],"wp:attachment":[{"href":"https:\/\/mapadecuidados.es\/ca\/wp-json\/wp\/v2\/media?parent=3871"}],"wp:term":[{"taxonomy":"categoria","embeddable":true,"href":"https:\/\/mapadecuidados.es\/ca\/wp-json\/wp\/v2\/categoria?post=3871"},{"taxonomy":"comunidad","embeddable":true,"href":"https:\/\/mapadecuidados.es\/ca\/wp-json\/wp\/v2\/comunidad?post=3871"},{"taxonomy":"etiqueta","embeddable":true,"href":"https:\/\/mapadecuidados.es\/ca\/wp-json\/wp\/v2\/etiqueta?post=3871"},{"taxonomy":"grupo","embeddable":true,"href":"https:\/\/mapadecuidados.es\/ca\/wp-json\/wp\/v2\/grupo?post=3871"},{"taxonomy":"tipologia","embeddable":true,"href":"https:\/\/mapadecuidados.es\/ca\/wp-json\/wp\/v2\/tipologia?post=3871"},{"taxonomy":"ambito","embeddable":true,"href":"https:\/\/mapadecuidados.es\/ca\/wp-json\/wp\/v2\/ambito?post=3871"}],"curies":[{"name":"wp","href":"https:\/\/api.w.org\/{rel}","templated":true}]}}

Sol·licitud de plaça en allotjament o residència per a persones amb malaltia mental a Cantàbria
